Is 63 a factor of 17199?
True
Is 127 a factor of 11045425?
False
Is 95332 a multiple of 7?
False
Is 2871098 a multiple of 13?
False
Is 3503452 a multiple of 113?
True
Is 17 a factor of 32702?
False
Does 21 divide 20202?
True
Is 317 a factor of 150575?
True
Is 2154226 a multiple of 23?
True
Is 173 a factor of 5833196?
False
Is 14 a factor of 77574?
True
Is 364992 a multiple of 130?
False
Does 29 divide 906895?
False
Does 545 divide 6553080?
True
Is 57 a factor of 19191175?
False
Is 25 a factor of 118028?
False
Does 134 divide 5615496?
False
Does 30 divide 14396?
False
Is 67 a factor of 1687395?
True
Is 9772 a multiple of 28?
True
Is 14 a factor of 4144?
True
Is 52 a factor of 1849435?
False
Is 2841586 a multiple of 36?
False
Is 265 a factor of 14045?
True
Is 18459869 a multiple of 67?
False
Does 649 divide 1279785?
False
Does 97 divide 2166501?
False
Is 169 a factor of 36673?
True
Does 8 divide 57604?
False
Is 2395688 a multiple of 9?
False
Is 94 a factor of 5587790?
False
Does 99 divide 944559?
True
Is 1245419 a multiple of 10?
False
Does 28 divide 1148367?
False
Is 694820 a multiple of 10?
True
Does 86 divide 5062992?
True
Is 141 a factor of 408282?
False
Is 5500588 a multiple of 34?
True
Does 127 divide 392911?
False
Does 134 divide 23792?
False
Is 66805 a multiple of 73?
False
Is 37 a factor of 211804?
False
Does 31 divide 64542?
True
Does 236 divide 160702?
False
Is 21 a factor of 15269?
False
Does 4 divide 288820?
True
Is 9 a factor of 31806?
True
Is 20 a factor of 1548600?
True
Is 221 a factor of 1387562?
False
Does 263 divide 460299?
False
Is 16 a factor of 4423465?
False
Is 32 a factor of 558446?
False
Does 5 divide 3064830?
True
Does 21 divide 169343?
False
Is 12 a factor of 3949665?
False
Is 9632827 a multiple of 927?
False
Is 54 a factor of 7054518?
False
Does 1050 divide 524424?
False
Does 4 divide 338280?
True
Is 65016 a multiple of 216?
True
Is 205 a factor of 645955?
True
Is 91 a factor of 174097?
False
Does 586 divide 895408?
True
Is 82 a factor of 708517?
False
Does 48 divide 5231616?
True
Is 176398 a multiple of 135?
False
Does 32 divide 451344?
False
Is 378916 a multiple of 49?
False
Is 474991 a multiple of 303?
False
Does 305 divide 9887538?
False
Is 7626381 a multiple of 21?
True
Does 249 divide 527120?
False
Does 117 divide 4640206?
False
Is 10856 a multiple of 23?
True
Is 7551544 a multiple of 1804?
True
Is 4 a factor of 5406004?
True
Is 35157 a multiple of 352?
False
Is 2151738 a multiple of 97?
False
Is 8 a factor of 2967768?
True
Is 7 a factor of 40960?
False
Is 263395 a multiple of 5?
True
Is 62745 a multiple of 47?
True
Is 122496 a multiple of 192?
True
Is 164192 a multiple of 16?
True
Is 42 a factor of 1081575?
False
Does 12 divide 74052?
True
Is 1291083 a multiple of 232?
False
Is 29 a factor of 112954?
False
Does 65 divide 742820?
True
Does 259 divide 19938856?
True
Is 14963 a multiple of 7?
False
Is 8 a factor of 856928?
True
Is 183 a factor of 6222?
True
Is 2352936 a multiple of 408?
True
Is 44910 a multiple of 3?
True
Does 195 divide 3101475?
True
Is 674867 a multiple of 138?
False
Is 831303 a multiple of 11?
True
Is 12902 a multiple of 7?
False
Is 83426 a multiple of 101?
True
Does 18 divide 655326?
True
Is 78 a factor of 77532?
True
Does 30 divide 9560809?
False
Is 444 a factor of 4441332?
True
Is 8 a factor of 5450248?
True
Is 25 a factor of 38800?
True
Does 15 divide 475242?
False
Is 72 a factor of 987336?
True
Is 40035 a multiple of 157?
True
Does 204 divide 459451?
False
Is 6460029 a multiple of 30?
False
Is 1255822 a multiple of 608?
False
Does 43 divide 3653101?
False
Is 8703 a multiple of 6?
False
Is 6 a factor of 105600?
True
Is 520231 a multiple of 29?
True
Does 27 divide 65367?
True
Is 87 a factor of 3092230?
False
Does 33 divide 65807?
False
Is 309 a factor of 8443684?
False
Is 59668 a multiple of 7?
True
Does 80 divide 4659992?
False
Is 857 a factor of 9421858?
True
Does 86 divide 11037328?
False
Is 59 a factor of 298009?
True
Is 258804 a multiple of 5?
False
Is 505112 a multiple of 391?
False
Does 4 divide 1437555?
False
Is 460 a factor of 507380?
True
Is 30 a factor of 2797230?
True
Does 60 divide 465360?
True
Is 426737 a multiple of 46?
False
Is 3 a factor of 10236?
True
Is 135 a factor of 393255?
True
Does 3 divide 5543019?
True
Does 1182 divide 1482149?
False
Is 133588 a multiple of 13?
True
Is 1948425 a multiple of 3?
True
Does 604 divide 286900?
True
Does 108 divide 211356?
True
Is 1295910 a multiple of 102?
True
Is 69 a factor of 4719738?
True
Does 37 divide 34390?
False
Is 111 a factor of 67237?
False
Is 34 a factor of 19619?
False
Is 365 a factor of 968374?
False
Does 13 divide 1660958?
True
Is 10 a factor of 15771630?
True
Is 565 a factor of 1528522?
False
Is 63 a factor of 5243112?
True
Does 43 divide 114982?
True
Does 138 divide 421314?
True
Is 38 a factor of 435632?
True
Is 1963392 a multiple of 73?
False
Does 13 divide 64547?
False
Is 1432855 a multiple of 265?
True
Does 47 divide 88360?
True
Does 64 divide 2815050?
False
Is 8 a factor of 1881137?
False
Is 132457 a multiple of 87?
False
Does 132 divide 5640228?
True
Is 1231 a factor of 2760888?
False
Does 40 divide 163200?
True
Is 141775 a multiple of 149?
False
Is 288 a factor of 8152416?
True
Is 6860 a multiple of 7?
True
Is 158 a factor of 12916847?
False
Is 112472 a multiple of 12?
False
Does 52 divide 15084260?
False
Does 43 divide 69144?
True
Is 1006262 a multiple of 36?
False
Is 178 a factor of 1606094?
True
Does 220 divide 3420560?
True
Is 105 a factor of 182805?
True
Is 21153 a multiple of 24?
False
Is 297 a factor of 9042635?
False
Is 1573880 a multiple of 392?
True
Does 17 divide 133977?
True
Is 188 a factor of 215330?
False
Does 593 divide 9007101?
False
Does 11 divide 344278?
True
Is 175 a factor of 114450?
True
Does 643 divide 2305798?
True
Is 50662 a multiple of 480?
False
Is 497229 a multiple of 4?
False
Is 114477 a multiple of 33?
True
Does 7 divide 437388?
True
Is 557172 a multiple of 268?
True
Is 239 a factor of 1665352?
True
Is 1550562 a multiple of 39?
True
Is 109 a factor of 34769?
False
Is 7646601 a multiple of 31?
False
Is 16 a factor of 64976?
True
Is 15 a factor of 761449?
False
Does 246 divide 2884982?
False
Is 3070114 a multiple of 243?
False
Is 13964128 a multiple of 2045?
False
Is 137200 a multiple of 49?
True
Is 19104 a multiple of 5?
False
Is 29199 a multiple of 10?
False
Is 378792 a multiple of 13?
False
Is 115 a factor of 233910?
True
Does 69 divide 37874?
False
Does 229 divide 196329?
False
Is 59026 a multiple of 67?
False
Is 16836327 a multiple of 287?
False
Does 16 divide 920848?
True
Does 801 divide 8184245?
False
Is 4325664 a multiple of 21?
True
Is 8087976 a multiple of 18?
True
Is 21208126 a multiple of 734?
False
Does 5 divide 339065?
True
Is 38 a factor of 668094?
False
Is 392 a factor of 794467?
False
Is 10400286 a multiple of 84?
False
Is 500 a factor of 417500?
True
Does 5 divide 12976?
False
Is 82 a factor of 7216447?
False
Is 4 a factor of 41897?
False
Does 68 divide 615332?
True
Is 117 a factor of 9994725?
True
Is 23 a factor of 3569766?
False
Is 71 a factor of 107707?
True
Is 3542 a multiple of 11?
True
Is 29 a factor of 3689647?
False
Is 4302088 a multiple of 14?
True
Is 133536 a multiple of 26?
True
Is 16 a factor of 2183920?
True
Is 12495 a multiple of 35?
True
Does 5 divide 1558045?
True
Is 14 a factor of 6812975?
False
Does 542 divide 231350?
False
Is 230 a factor of 19964230?
True
Does 39 divide 11481444?
True
Does 20 divide 559447?
False
Is 1355 a factor of 1008840?
False
Is 7931872 a multiple of 598?
True
Is 7340634 a multiple of 1748?
False
Is 123 a factor of 1083369?
False
Does 73 divide 163958?
True
Is 172 a factor of 3381520?
True
Does 572 divide 95081?
False
Is 84 a factor of 22420776?
True
Does 46 divide 15299403?
False
Is 2792430 a multiple of 230?
True
Does 26 divide 62088?
True
Does 22 divide 14752816?
False
Does 17 divide 577762?
True
Is 26 a factor of 1396538?
True
Does 91 divide 1295692?
False
Is 5 a factor of 227790?
True
Does 49 divide 98189?
False
Is 18 a factor of 3205950?
False
Is 3908574 a multiple of 18?
True
Is 543104 a multiple of 32?
True
Is 869920 a multiple of 9?
False
Does 65 divide 15017470?
True
Is 460 a factor of 4088940?
True
Is 480 a factor